120*m**6 - 1/20*m**5 - 1/12*m**4 + 0*m + 0 - 5/6*m**3. Calculate the remainder when y(-4) is divided by 7.
5
Let d = 19 - 10. Let p = d - 6. Suppose -2*w + 100 = p*w. Calculate the remainder when w is divided by 11.
9
Let p(s) = 2*s**2 - 4*s - 8. Calculate the remainder when p(6) is divided by 7.
5
Suppose 4*k = -k + 15. Suppose -17 = -x + k. What is the remainder when x is divided by 11?
9
Suppose 3*r - 150 = -3*s, -r + 0*s - 3*s + 40 = 0. Suppose -4*i + r - 3 = 0. Let c = i + 1. What is the remainder when 41 is divided by c?
13
Let m(a) = -a**3 - 3*a**2 - 10*a - 1. Suppose -3*i = 4*q - 100, 2*i + 0 = q - 36. What is the remainder when q is divided by m(-2)?
13
Let r = -129 - -134. Calculate the remainder when 44 is divided by r.
4
Let v(o) = -o**3 - 17*o**2 - 18*o - 17. Suppose 0 = -11*s + 14*s + 48. Let b = -61 + 105. What is the remainder when b is divided by v(s)?
14
Suppose 3 = 2*v - 5. Suppose -144 = -4*b + v*g, -2*g - 77 - 36 = -3*b. What is the remainder when b is divided by 14?
13
Calculate the remainder when 8/5 - 2 - 189/(-35) is divided by 3.
2
Suppose 4*z = 10 - 2. Suppose 20 = z*b + 2*b. Let k(q) = -7*q - 68. What is the remainder when b is divided by k(-10)?
1
Suppose -6 = 4*w - 5*w. Let m = w + -4. Calculate the remainder when 1 + (1 - -3) - 0 is divided by m.
1
Suppose 8 - 664 = -16*n. What is the remainder when n is divided by 27?
14
Let u = 17 - 17. Suppose -k - k + 40 = u. Calculate the remainder when k is divided by 8.
4
Suppose 2*g - 13 = 1. Let w be 2/((-3)/6 - -1). Let z = g - w. Calculate the remainder when 8 is divided by z.
2
Suppose -4*c + 78 = 22. Calculate the remainder when 53 is divided by c.
11
Suppose -a + 8 = -3*y, -a = 3*y - 8*y - 14. Let x(l) = 2*l**2 - 4. Calculate the remainder when 55 is divided by x(y).
13
Suppose 5*n - 28 = n. Suppose 5*l = -n*z + 2*z + 20, -5*z - l + 36 = 0. Calculate the remainder when (-2 + 3 + -24)/(-1) is divided by z.
7
Let h(j) = 26*j**3 - j**2 + j. Suppose -r = 4*r - 70. What is the remainder when h(1) is divided by r?
12
Suppose -5*c + 60 = -2*m, 24 = 2*c - 0*c + 3*m. Suppose 10 = f - 35. Calculate the remainder when f is divided by c.
9
Let d be (-162)/(-21) - 8/(-28). Calculate the remainder when d/(-16)*(-37 - 1) is divided by 11.
8
Suppose -105 = -27*i + 22*i. Calculate the remainder when i is divided by 6.
3
What is the remainder when -16 + 15 - (-68)/2 is divided by 17?
16
Suppose 109*q - 114*q + 5 = 0. What is the remainder when 1 is divided by q?
0
Let u(w) = -w - 2. Let c be u(-4). Let o be -2 - (-1 - 6/2). Suppose c*k - 4*h - 8 = -2*h, h = -o*k + 11. Calculate the remainder when 14 is divided by k.
4
Suppose -2*g - 1 = -5. Calculate the remainder when 4/g - (-7 - -3) is divided by 2.
0
Let a(h) = -6*h - 18. Calculate the remainder when 39 is divided by a(-5).
3
Let l = 7 + -7. Suppose -3*d - 3*c + 6 = l, -5*d = -2*c - 3*c - 50. Calculate the remainder when 22 is divided by d.
4
Suppose -2*h = -4*h - 5*s + 99, 0 = 5*h - 4*s - 264. Let i(q) = 5*q**2 - 2. What is the remainder when h is divided by i(-2)?
16
Let n be (-1)/(-1) - (-2)/1. Suppose -4 = -c + n*c. Calculate the remainder when 10 + (1 - (c - -2)) is divided by 4.
3
Let o be 0 + 7 - (2 - 0). Suppose o*g = 2*k - 26, 4*k - 14 = g + 2. What is the remainder when 5 is divided by k?
2
Let l be ((-5)/((-5)/2))/(-2). What is the remainder when (-4)/(-3)*(19 + l) is divided by 13?
11
Let j = -32 + 47. What is the remainder when 58 is divided by j?
13
Let i = -4 + 18. Let j be 33/7 + 4/i. Let a(q) = 2*q - 1. What is the remainder when 25 is divided by a(j)?
7
Suppose 0 = 2*n - 7*n + 15. Suppose n*q = q + 26. Calculate the remainder when q is divided by 8.
5
Let a(g) = 1. Let y(s) = 2*s - 11. Let d(c) = -4*a(c) + y(c). Suppose -2*w = 3*q - 38 + 6, 2*w = 2. What is the remainder when d(q) is divided by 2?
1
Suppose -2*h = 2*h + 4. Let t = h + 2. Calculate the remainder when ((-4)/(-6))/(4/6) is divided by t.
0
Let m(h) = 3*h. Calculate the remainder when 131 is divided by m(15).
41
Suppose -42 = 3*q + 3. What is the remainder when (q/(-9))/5*75 is divided by 13?
12
Suppose 3*l - 2*b = -0*l + 26, 0 = 4*l + b - 53. Suppose 4*s + 2*d + 6 = 0, -l = -2*d - 2. Let f = 19 + s. Calculate the remainder when 28 is divided by f.
13
Let n = -5 + 17. Let m = n + -4. Let b = m + 1. What is the remainder when 25 is divided by b?
7
Let c(d) = d**3 - 5*d**2 + d + 2. Let l be c(5). Suppose 3*x - l = 2. What is the remainder when 9 is divided by x?
0
Suppose 610 = 13*j - 3*j. Calculate the remainder when j is divided by 16.
13
Suppose 5*o = r - 43 - 23, -4*r = 5*o - 289. Suppose -t = -3*w - 27, 5*t - 52 = 3*w + r. What is the remainder when t is divided by 13?
11
Let m = -66 - -125. What is the remainder when m is divided by 12?
11
Suppose 10*x + 0*x = 500. Calculate the remainder when x is divided by 17.
16
Let q(m) = m**2 + 9*m + 1. What is the remainder when q(-11) is divided by 5?
3
Let h(z) = -13*z + 5. What is the remainder when h(-3) is divided by 15?
14
Calculate the remainder when 4 - 7*6/(-2) is divided by 14.
11
What is the remainder when 49 is divided by (-26)/((1 + 0)*(0 - 2))?
10
Suppose 0 = -w + 1 - 6. Let j = 15 + w. Calculate the remainder when 18 is divided by j.
8
Suppose -5*f - i + 7 = 0, -2*i = -4*f - 0*i + 14. What is the remainder when f is divided by -2 - 0 - -1 - -3?
0
Let v = -28 - -46. What is the remainder when 51 is divided by v?
15
Let x(a) = -7*a + 26. Let o(t) = 3*t - 13. Let g(v) = -5*o(v) - 2*x(v). Calculate the remainder when 17 is divided by g(7).
5
Suppose 4 = 4*a - 24. What is the remainder when a is divided by (-3)/(-2)*(-2)/(-1)?
1
Let j(n) = n - 19. Let l be j(0). Let g = -10 - l. What is the remainder when 26 is divided by g?
8
Suppose 4 = 5*m - 11. What is the remainder when 17 is divided by m?
2
What is the remainder when 1/((-4)/(-216)) + 4 is divided by 10?
8
Let r(d) = -d**3 + d**2 + 413. Let k be r(0). Let u = -238 + k. Suppose 0*z - u = -5*z. What is the remainder when z is divided by 9?
8
Let w be 48/5 + 3/(-5). Suppose f - 2*f + w = 0. What is the remainder when 16 is divided by f?
7
Let q(y) = 6*y**2 - y + 1 + 8*y**2 - 3*y**2. Let m = 13 + 3. Calculate the remainder when q(-2) is divided by m.
15
Let k(r) = -4*r. Let n = 1 + -4. Let y be k(n). Calculate the remainder when 23 is divided by y/10*(1 - -9).
11
Let i = 1 + 0. Let c = i - -1. Calculate the remainder when 6 + -2 + (11 - 11) is divided by c.
0
Let h(t) = 23*t**3 + t**2 - 2*t + 1. Let r be h(1). Let g(n) = 13*n. Let k be g(-1). Let a = k + r. What is the remainder when 18 is divided by a?
8
Let s(y) = 3*y - 5. Let g be s(6). Suppose 4*l + 3*h = g, 3*l + l - 43 = 3*h. Suppose -l*x + 3*x = -40. What is the remainder when x is divided by 6?
4
Suppose -u - 1 = 7. Let v = u - -10. What is the remainder when v is divided by 1?
0
Let y be -3*(0 + -1) + -1. Suppose -89 = -y*r - 7. Calculate the remainder when r is divided by 14.
13
Let z(b) = -b**3 + b**2 - b. Let u = 2 + -4. What is the remainder when z(u) is divided by (-5)/(-2 - -3 - 2)?
4
Let v(f) = -16*f**3 - 4*f**2 + f + 6. What is the remainder when v(-2) is divided by 15?
11
Suppose -k + 165 = 4*k. What is the remainder when k is divided by 18?
15
Suppose 147 = -13*u + 16*u. What is the remainder when u is divided by 17?
15
Let c = -8 + 11. Let k(t) = -3*t + 1. Let q be k(c). What is the remainder when 28 is divided by 2/q - (-82)/8?
8
Suppose 10*x - 11*x + 24 = 0. Calculate the remainder when x is divided by 9.
6
Let d = -5 - -6. Suppose -2*b + 14 = 2*n + 2, -4*b = -2*n - 18. Suppose b*l - 16 + d = 0. What is the remainder when 4 is divided by l?
1
Let d = 48 + 6. Suppose u - 18 + d = 0. Let q = u - -55. Calculate the remainder when q is divided by 10.
9
Let u be (-10)/2*2/(-5). Suppose 0 = 5*c - 25. Suppose u*y + 13 = c*i - 0, -5*y - i = -8. What is the remainder when 3 is divided by y?
0
Suppose 0 = -3*a + 8*a - 30. What is the remainder when 47 is divided by a?
5
Let h(s) = -s**3 + 8*s**2 + 14*s - 17. What is the remainder when h(8) is divided by 27?
14
Suppose 0 = 3*c - 2*l + 4, 4*l - 6 = 2*c + 2. Suppose c*g + 46 = 2*g. What is the remainder when g is divided by 6?
5
Let f(k) = 3*k**2 - 4*k. Let s(h) = h**3 - 5*h**2 + 11. Calculate the remainder when f(4) is divided by 